r of t and k.
6
Suppose 4*o - 5 = 39. Let a = 1 + o. What is the highest common factor of a and 120?
12
Let q = 17 - 7. Let u be -1 + -1 - 1 - -5. What is the highest common factor of q and u?
2
Suppose c + 4 = 8*g - 6*g, 5*c + g = 24. Calculate the highest common divisor of c and 4.
4
Let k(o) = -o**2 + 7*o + 5. Let p be k(7). Suppose -u - p*w + 8*w = -53, -3*u = 4*w - 120. Calculate the highest common divisor of 11 and u.
11
Let k = 3 - 6. Let v be (92/k)/((-12)/18). What is the highest common divisor of 115 and v?
23
Let f be -198*(12/(-8) - -1). What is the highest common divisor of 9 and f?
9
Let o = 253 + -88. Suppose -32 + 2 = -2*y. Calculate the greatest common divisor of y and o.
15
Let j be 8/(-4) - (3/(-3) - 3). Calculate the highest common factor of j and 1.
1
Suppose s - 14 = 37. Suppose 15 = -3*o + s. Calculate the greatest common divisor of 12 and o.
12
Let o be 1/((-6)/(-15)*1/6). What is the greatest common factor of o and 180?
15
Suppose 5*u - 2*u = 6. Calculate the greatest common divisor of u and 4.
2
Let c(u) = -u - 2. Let x be c(-3). Let s be (28/6)/(x/(-24)). Let f be (15/(-4))/(6/s). Calculate the greatest common divisor of 14 and f.
14
Let m(f) = -f**3 - 5*f**2 + 4*f - 6. Suppose 2*k + 12 = -0*k. Let a be m(k). What is the greatest common divisor of 42 and a?
6
Let i(n) = 2 + n**2 + 0*n - 5*n + 2. Let m = 48 + -42. Let p be i(m). Calculate the highest common factor of 90 and p.
10
Let h(r) = -r**3 - 5*r**2 + 7. Let q be h(-5). What is the highest common factor of q and 77?
7
Suppose 4*m - i = 24 - 7, 18 = 5*m + 2*i. Suppose -m*o = 63 - 223. What is the highest common factor of 10 and o?
10
Suppose -a - 3*a = 4. Let g = a + 5. What is the highest common factor of 8 and g?
4
Suppose -s + 55 = -34. Let r = s + 21. Suppose -3*t + 40 = t. Calculate the greatest common divisor of r and t.
10
Let s be -2*(-1 + (-15)/6). Suppose 175 = 5*r - 4*n, 2*r - n - 70 = 2*n. Calculate the greatest common divisor of s and r.
7
Let n = -8 - -13. Suppose -4*w + 705 = 3*a, 3*a + 170 = w + n*a. Suppose 10 = -2*u + 50. Calculate the greatest common divisor of u and w.
20
Let b(t) = t - 4. Let m(f) = -f + 3. Let z(p) = 5*b(p) + 8*m(p). Let r be z(-6). What is the greatest common divisor of 176 and r?
22
Let x = -241 - -566. What is the highest common factor of x and 25?
25
Let d(y) = -y - 4. Let p be d(4). Let h be (-142)/p + 1/4. Let z = h + -8. What is the greatest common divisor of 4 and z?
2
Let v be (-67)/4 + (-2)/8. Let l = 24 + v. What is the greatest common factor of 63 and l?
7
Let o be ((-6)/(-21))/((-1)/(-7)). Calculate the highest common divisor of 22 and o.
2
Let g be (-3)/1 - (-16 + -91). What is the highest common divisor of g and 26?
26
Let h(v) = -3*v**3 - v - 7. Let b be h(-2). What is the highest common factor of b and 38?
19
Suppose -m - 4 = -0. Let k(v) = 2*v**2 + 6*v + 1. Let p be k(m). Suppose -o - 126 = -3*o. What is the greatest common divisor of p and o?
9
Let q be 66/(-9) + (-2)/3. Let v be (36 + -1)/(9 + q). Calculate the greatest common divisor of v and 7.
7
Let u(n) = -4*n**2 + n - 2. Let p be u(2). Let l = 26 + p. Suppose -o + 109 = 19. What is the highest common factor of l and o?
10
Let c = 14 - 2. Let i(f) = -4*f**3 + 2*f**2 - 2*f. Let j be i(-3). Calculate the greatest common divisor of c and j.
12
Let v(z) = z**2 + 4. Let g be v(-6). Let x(j) = -j**3 - 5*j**2 - j - 3. Let p be x(-5). Let h = p + 14. Calculate the highest common divisor of g and h.
8
Let t(n) = 2*n**2 + 4*n + 11. Let u(f) = -5*f**2 - 9*f - 22. Let o(a) = -7*t(a) - 3*u(a). Let j be o(-5). Calculate the highest common factor of 76 and j.
19
Let f(d) = -d**3 + 9*d**2 - d + 7. Let r be 2*-1 + (-54)/(-6). Let c be f(r). Calculate the highest common factor of 14 and c.
14
Let t be 15/10*(44/3 - -2). Calculate the greatest common factor of t and 5.
5
Let t be (-2 + 14/(-3))/((-2)/54). What is the greatest common divisor of 36 and t?
36
Suppose -3*z = -67 - 26. Let w = -16 + z. Suppose -v + 56 = v + 2*x, -x = -4*v + 122. Calculate the highest common factor of v and w.
15
Let k be ((-44)/(-55))/(4/10). Suppose 3*i = m - i - 16, -m - k*i = -28. What is the highest common factor of m and 16?
8
Let x(i) = i**3 - 15*i**2 + i - 13. Let a be x(15). Suppose -a*w + 2 = -4. Calculate the highest common factor of w and 33.
3
Let u = 157 - 137. Calculate the highest common factor of u and 10.
10
Let y be (5/(-10))/(1/(-96)). Let x(h) = 4*h - 16. Let l be x(12). Suppose t - l = 2*u + 2*u, -15 = 3*u. What is the greatest common factor of t and y?
12
Let h(t) = t**2 - 10*t + 22. Let d be h(8). Calculate the highest common divisor of d and 66.
6
Suppose 8*o - 67 = 7*o. Let m = 13 + o. What is the highest common divisor of 16 and m?
16
Suppose -20 = -u + 4. Suppose -u = -m - m. Let w = m - 6. What is the highest common factor of 6 and w?
6
Let j(s) = -7*s + 13. Let l(x) = -4*x + 6. Let t(o) = 3*j(o) - 5*l(o). Let f = -14 - -21. Let a be t(f). Calculate the highest common factor of a and 2.
2
Suppose 5*t - d + 3 = 2, 3 = 5*t - 2*d. Let g be 26/(-8)*(-43 + t). Let y = 32 + -19. Calculate the greatest common factor of y and g.
13
Let x = 31 - 155. Suppose -240 = 6*u - 2*u. Let r = u - x. Calculate the highest common factor of 8 and r.
8
Let b(o) = 8*o + 1. Let s be b(8). What is the greatest common factor of s and 5?
5
Suppose 3*m + 168 = 5*p, -5*p + 3*p = 3*m - 84. What is the greatest common divisor of p and 90?
18
Let w be 36/3*-4 + -2. Let k = w - -94. What is the highest common divisor of k and 11?
11
Suppose 50 = -6*j + 11*j. What is the greatest common divisor of j and 40?
10
Let d(f) be the second derivative of -f**5/20 - f**4/2 - 5*f**3/6 - 2*f. Let b be d(-6). Calculate the highest common factor of b and 75.
15
Suppose -x = 5*l - 9, -5 + 13 = 2*x. Suppose -l = 4*f - 29. Calculate the highest common factor of f and 77.
7
Suppose 2*k + 5*z - z = -16, 0 = -3*z + 12. Let x be (-98)/(-8) - (-4)/k. Calculate the highest common factor of 48 and x.
12
Suppose -5*f - 15 = 0, 3*f + 54 + 7 = 4*z. Let w(q) = 12*q - 21. Let s be w(5). What is the greatest common divisor of z and s?
13
Let h(b) = b + 4. Let o(r) = 6*r**3 + 1. Let v be o(1). Let m be h(v). Calculate the greatest common factor of 11 and m.
11
Let p be 0/(-2) - (-3 + -127). Suppose 0 = 4*j + j - p. What is the greatest common factor of 13 and j?
13
Suppose 0 = -4*i + i - 75. Let c = i + 43. Let j be 25 - (0/(-1) + -2). Calculate the highest common divisor of j and c.
9
Suppose -c + 0*c + 6 = 0. Suppose 3*k + 4 = 2*h, c*h = 3*h + 3*k + 9. What is the highest common divisor of h and 20?
5
Suppose -2*r + 91 = -d, 59 = 3*r + 3*d - 100. Calculate the highest common divisor of r and 3.
3
Suppose -123 - 309 = -3*i. Let w = -95 + 113. What is the greatest common factor of i and w?
18
Let f = 18 + 60. Suppose 2*m + 4*x - 2*x = f, x = -2*m + 78. Let q(y) = y**3 + 13. Let h be q(0). Calculate the highest common divisor of m and h.
13
Let d be ((-1)/3)/(5/(-15)). Suppose m = 50 + d. Let h = m - 27. Calculate the highest common divisor of 240 and h.
24
Let j(x) = -3*x - x**2 - 3 - x**2 + 4*x**2 + 4*x. Let h be j(-3). Calculate the greatest common factor of 30 and h.
6
Suppose 5*u = -0 + 5, -2 = -h + 5*u. What is the greatest common factor of 7 and h?
7
Suppose -4*q = -h - 85, -2*q = 4*h - 2*h - 30. Suppose -j + q = 153. Let n = 232 + j. Calculate the greatest common divisor of 11 and n.
11
Suppose 3*v + 57 = -4*w + 271, -2*w - 4*v + 112 = 0. Calculate the highest common factor of 13 and w.
13
Let v = -21 + 33. What is the highest common factor of 6 and v?
6
Suppose 0 = -0*l + l - 49. Suppose 1 = 5*b - l. What is the greatest common factor of 110 and b?
10
Let w be 1 - (-11)/(1/1). Suppose 5*f = -g + 69, g - f + 5*f = 72. Suppose 3*m - 2*m = g. Calculate the highest common divisor of m and w.
12
Let g be (165/(-22))/(1/(-2)). Calculate the highest common factor of 10 and g.
5
Let m(y) = y + 7. Let u = -16 + 10. Let s be m(u). What is the highest common factor of 5 and s?
1
Suppose 4*b - 31 = 6*b - 3*d, -2*b - d - 19 = 0. Suppose 4*l = -5*s + 62, 4 = 5*s + 14. Let x = b + l. Calculate the greatest common factor of 14 and x.
7
Suppose 6*y + 118 = 334. Let r = 111 - 37. Let j = -50 + r. What is the highest common divisor 